+ h. Give o(d).
4
Let b(r) = 0*r**2 + 1 + 10*r + r**2 - 5. Let i be (-1 + 7 + -3)*(30 + (-2600)/78). Give b(i).
-4
Let g(s) be the third derivative of 0*s + 7/6*s**3 - 7*s**2 + 0 - 1/24*s**4. Let j(y) = y**2 + y - 1. Let d be j(-3). What is g(d)?
2
Let h(u) = 116 + 16*u**2 - 9*u + 13*u**3 - 24*u**3 + 5*u**3 - 259 + 7*u**3. Give h(-16).
1
Let m(z) = 11 - 2*z - 9 + 13. Let s = 65377 + -65373. What is m(s)?
7
Let w(l) = l**2 + l + 2. Suppose 5*b - 69 = -49. Suppose f + b*y - 16 = -3*f, 5*y = 5. Calculate w(f).
14
Suppose o + 3*a + 10 = 0, -1 = 5*o - a - 15. Let u(q) = 3*q**2 + 0*q**2 - 7*q**o - q + 5*q**2 - 2. Calculate u(-3).
10
Let x(y) = -5*y**3 + 16*y**2 - 3*y - 9. Let w(t) = 7*t**3 - 17*t**2 + 4*t + 8. Let d(a) = -3*w(a) - 4*x(a). Give d(-13).
12
Let z be ((-1)/3)/(-7 - 1500/(-216)). Let a(t) = 6 + 7 - 1 - 5 - 2*t. Calculate a(z).
-5
Let s(g) = -8*g**2 + 49*g + 38. Suppose 7 = o + w, 0 = 3*o - 4*w - 0*w. Let m(p) = 3*p**2 - 17*p - 13. Let i(r) = o*s(r) + 11*m(r). Calculate i(-8).
1
Let s be 4/(2*(-2)/12). Let r be (-12)/(-10)*(-20)/s. Suppose -3*v - v - 2*o - 6 = 0, -v = -r*o + 14. Let n(k) = -k**2 - 3*k - 2. What is n(v)?
-6
Let w = -70 - -105. Suppose 134 - 20 = -3*a. Let c = w + a. Let r(y) = 6*y + 3. What is r(c)?
-15
Let x(c) be the third derivative of 1/120*c**6 - 1/24*c**4 + 175*c**2 + 1/20*c**5 + 0 + 5/6*c**3 + 0*c. Give x(-4).
-7
Let b(s) = s**3 + 15*s**2 - 16*s + 15. Suppose -5*d + 89 = -4*m, 0 = 3*m - 3*d + 55 + 8. Calculate b(m).
15
Let o(a) = -a**3 - 4048*a**2 + 2*a**3 - 9 - 5 + 4044*a**2 + a. Calculate o(4).
-10
Suppose -11*g = -g - 260. Suppose 39*l - g*l = 104. Let n(x) = -x - 9. What is n(l)?
-17
Suppose 2 = 3*w - 4. Let d(x) = -4*x + w + 2 - 2*x**2 + x**2. Let j = 5431 + -5438. What is d(j)?
-17
Let s(q) = -2*q + 12. Let p(a) = -16*a + 63. Let j(v) = p(v) - 5*s(v). Give j(6).
-33
Let a(p) = p**2. Let o(s) = 7*s**2 - 8*s + 6. Let j(m) = -6*a(m) + o(m). Let w be j(8). Let g(i) = -i**2 - w*i**2 - i**3 + 7*i**2 + i**2 + 3. Calculate g(0).
3
Let p(a) = 18*a - 3. Let b(u) = 45*u - 5. Let w(c) = 34 + 40 - 73 - 9*c. Let i(z) = 2*b(z) + 11*w(z). Let l(r) = 5*i(r) + 2*p(r). Determine l(1).
-10
Let i(z) = 3*z - 9. Let r be i(8). Suppose -4*x = -y - 45, -y = 4*x + 4*y - r. Let k = -8 + x. Let n(b) = -4*b**2 + 3*b. What is n(k)?
-10
Let g(x) = 2*x**3 - 6*x**2 + 7*x - 1. Let m be (2 - -3) + (-4 - (-25)/5). Let j(v) = -3*v**3 + 7*v**2 - 8*v + 1. Let t(k) = m*g(k) + 5*j(k). Determine t(1).
-3
Let m be 594/48 - -9*2/(-48). Let b(y) = 10*y - 14. Determine b(m).
106
Let h(y) = 2*y - 31349*y**2 + 1 + 31345*y**2 + y**3 - 3. Give h(5).
33
Let p(q) be the second derivative of 3*q**5/20 - q**4/6 - q**3/6 + q. Suppose 2*t = -2*g + 619 - 609, 3*g = t - 9. What is p(g)?
-4
Let n be (102/(-357))/((-280)/441 - 4/18). Let i(m) be the first derivative of -5/2*m**2 - m + 1 + n*m**3. Calculate i(5).
-1
Let n(d) = -d**3 + 7*d**2 - 7*d + 9. Let r(g) = -g**3 + 6*g**2 - 5*g - 4. Let f = 17 + -13. Let x be r(f). Let k be (-55)/(-10) + 4/x. Give n(k).
3
Let x be 3*((-8)/3)/(-4). Suppose -32*k - 2 + 66 = 0. Let g(m) = -5*m + 1 + 11*m**2 - 5*m**x + 7*m + k + m**3. Calculate g(-6).
-9
Let u(f) = -929*f + 2831*f - 969*f + 144 - 923*f. Give u(-15).
-6
Let j = 16313 + -16311. Let l(d) = -d + 66 + d**2 - 66 + d**3. Determine l(j).
10
Suppose -2*a - 2*r + 5*r - 6 = 0, 5*r - 20 = 0. Let n(d) = 3*d**3 - d**2 + 6. What is n(a)?
78
Let q(p) = -29*p - 1009. Let i be q(-35). Let v(z) = -z**3 + 5*z**2 + 4*z + 5. What is v(i)?
-7
Let i(w) = -3*w + 1 - 5*w**3 + 4*w**2 - 5*w**2 + 2*w. Let x be 1007 + -1 - 2 - (15 - 21). Let q = x - 1009. Calculate i(q).
-6
Let h(g) be the first derivative of -g - 4/3*g**3 + 1/4*g**4 - 149 - 2*g**2. What is h(5)?
4
Let q(y) = -4*y**2 + 96*y + 22. Let z(w) = -3*w**2 + 80*w + 18. Let t(p) = -5*q(p) + 6*z(p). Determine t(3).
16
Let h(w) = -w**3 + 36*w**2 - 245*w + 12. Let a be h(9). Let i(b) = 60*b + 361. Determine i(a).
1
Suppose 0 = -112*w + 103*w + 72. Let l(t) = -11*t - 13. Give l(w).
-101
Let i(d) = d**3 + 7*d**2 + 7*d - 8. Suppose -18 = -5*c + 2. Suppose -c*a + 0 = 20. Let s be i(a). Let f(o) = o**2 - 5*o - 5. Calculate f(s).
9
Let t(v) = 1679*v - 838*v - 838*v - v**2 + 4 + 20. Determine t(6).
6
Suppose -5*l - 5 + 24 = 4*g, 34 = 2*l - 5*g. Let t(j) = 2*j - 5. Let w(u) = u - 2. Let q(y) = -3*t(y) + 5*w(y). Give q(l).
-2
Let p be ((-645)/4)/((-9)/(-24)). Let u = -427 - p. Let k(r) = 2*r**2 + 4*r - 4. What is k(u)?
26
Suppose 5*b - 1722 = -q, 2*b = 5*b + q - 1034. Suppose b = 5*g + 274. Let i(f) = f**3 - 15*f**2 + 15*f - 14. What is i(g)?
0
Let k be (-8 + (-17)/(-2))/((-2)/(-12)). Let r(y) = -2*y + 0*y**3 - y**3 - y**3 + 2 - 2*y**2 + y**3 - k*y**2. Let i = -8 + 4. Calculate r(i).
-6
Let u(t) = -14*t - 16. Let z(m) = -5*m - 5. Let f(h) = -6*u(h) + 17*z(h). Let j(b) = -95*b - 4460. Let q be j(-47). Determine f(q).
6
Suppose 7*c = -21 + 28. Let m(k) = -18*k + 2. Calculate m(c).
-16
Suppose 6 = 2*h - 3*l, 6*h - 9 = 3*h + 4*l. Suppose -h = -5*a + 7. Let r(p) = 3*p + 1 - a*p - 1 - 1. What is r(0)?
-1
Let h(k) be the first derivative of -5*k**2 + 41*k - 2735. Give h(5).
-9
Suppose 3*h + 4 = 7*h. Suppose -5*n - 2*l + h = 2*l, -5*l = 5*n - 5. Let k(o) be the third derivative of o**4/6 + 2*o**3/3 - 22*o**2. What is k(n)?
-8
Let q(x) = x**2 + 7*x - 5. Let r(j) = 3*j**3 + 6*j**2 + 4*j - 2. Let z be r(-4). Let n = 106 + z. What is q(n)?
3
Let o(u) = 12*u**2 - 56*u - 99. Let c(p) = -10*p**2 + 60*p + 94. Let i(z) = -5*c(z) - 4*o(z). What is i(39)?
4
Let h(o) = -4*o**2 - o**2 + 3*o**2 - 2*o + 1 + o**3. Suppose -217*a - 219 = -757 - 113. Calculate h(a).
4
Let x(j) = 11*j**2 - 2*j + 1. Let c be 0/3 + 1*8. Let d be (c/10)/((-9)/((-1350)/12)). Let f(t) = t**3 - 10*t**2 - t + 11. Let k be f(d). What is x(k)?
10
Let w(t) be the third derivative of -t**5/60 - 3*t**4/4 - 5*t**3/2 + 66*t**2 + 8*t. What is w(-13)?
50
Let y(p) = -2*p**3 - p**2 + 2*p - 1. Let f(x) = x**2 - 20*x - 52. Let a be f(22). Let g(z) = 3*z + 25. Let v be g(a). Determine y(v).
-2
Let d(b) = 11*b**2 + 3*b - 2. Let f(j) = -27*j**2 - 7*j + 4. Let a(u) = 5*d(u) + 2*f(u). What is a(1)?
0
Let h = -5102 - -5107. Let o(q) = q**3 - 3*q**2 - q - 39. Calculate o(h).
6
Suppose 27*l + 4*h + 38 = 21*l, 3*l - 5*h = -47. Let v(z) = 4*z + 26. What is v(l)?
-10
Let x(i) be the third derivative of -i**2 + 0*i**3 + 0*i - 3 + 1/60*i**5 - 1/3*i**4. What is x(4)?
-16
Let d(j) = 28 - 32*j + 16*j - 4 + 3*j + 18*j. Let r(x) = 9*x + 37. Let t(a) = 8*d(a) - 5*r(a). Give t(6).
-23
Let a be 51/12 + -3 - 9751/796. Let j(x) = -x**2 - 15*x - 7. Let m(q) = -q - 1. Let l(f) = -j(f) + 3*m(f). Calculate l(a).
-7
Let f = 123 - 179. Let i = f + 52. Let z(h) = h - 1. What is z(i)?
-5
Let o(c) = c**3 + 2*c**2 - 1. Let l(s) = 7*s**3 + 15*s**2 - s - 6. Let v(u) = -2*l(u) + 15*o(u). Calculate v(2).
9
Let m(s) = -s**2 + 9*s + 4. Let c be m(9). Let u(n) = -c + 2 - 2*n + 4 - n. Suppose -6*l + 7 = 19. What is u(l)?
8
Let j(r) = -5*r - 8. Let f be ((-20)/(-80))/((-4)/(-16)). Suppose 0 = 2*u - 5*v - 7, -4*v = 2*u - f - 15. Give j(u).
-38
Let o(i) = -i**3 + 6*i**2 + 3*i - 9. Let b = -22 + 14. Let s(x) = 2*x**2 + 14*x + 2. Let m be s(b). Suppose 12*g = 9*g + m. Give o(g).
9
Let i = 19 - 12. Suppose -2*m + i - 3 = 0. Let g(b) = -3 - 4 - 16*b + m + 15*b. Calculate g(-7).
2
Suppose 2*d - k - 11 = 0, -k - 18 = -5*d + 14. Let u(a) = d - 3*a - 4 + 8 - 4. Let s be (-2)/(-8) - 19/(-4). What is u(s)?
-8
Let g = 1411 + -1412. Let i(w) be the third derivative of 23*w**5/60 - w**3/6 - 7*w**2 + 4*w. Give i(g).
22
Suppose 3*v = -f + 19, -7 = 170*v - 174*v - 5*f. Let h(w) = w - 24. Give h(v).
-16
Let d be (-14)/(-8) - 3/(-12). Let r(v) = -v**2 + v + 3*v**2 + 0*v**2 - 1127 + 2*v**2 + 1126. Determine r(d).
17
Let l be (-2)/((-20)/(-70)) + (23 + 4)/3. Let p(w) = -13*w + 3. Give p(l).
-23
Suppose -2*l = 12*l - 112. Let p = -1 - l. Let j(k) = k**2 + 3*k + 2. Let i(u) = u**2 + 4*u + 1. Let o(t) = -5*i(t) + 4*j(t). Give o(p).
-6
Suppose 5*a + 3*l + 13 = 0, -2*l + 7 = -3*a - 4*l. Let p = a - -9. Let y(n) = 3*n**3 - p - 27*n**2 - 2*n**3 + 2*n + 32*n**2. Calculate y(-4).
4
Let n(o) = -o**2 + 7*o + 7. Suppose 5*x + 214 - 274 = 0. Let v(y) = -y + 6. Let t be v(3). Suppose -2*d + 4*d - 17 = -p, -t*d + 3*p = -x. What is n(d)?
7
Suppose 12 = -5*o + 7. Let z(f) = f**2 - 4*f - 1